[INFO] cloning repository https://github.com/xiph/xiphbot-ng
[INFO] running `Command { std: "git" "-c" "credential.helper=" "-c" "credential.helper=/workspace/cargo-home/bin/git-credential-null" "clone" "--bare" "https://github.com/xiph/xiphbot-ng" "/workspace/cache/git-repos/https%3A%2F%2Fgithub.com%2Fxiph%2Fxiphbot-ng", kill_on_drop: false }`
[INFO] [stderr] Cloning into bare repository '/workspace/cache/git-repos/https%3A%2F%2Fgithub.com%2Fxiph%2Fxiphbot-ng'...
[INFO] running `Command { std: "git" "rev-parse" "HEAD", kill_on_drop: false }`
[INFO] [stdout] fe86b972bdaf39389580492e913756a2634e0e0d
[INFO] checking xiph/xiphbot-ng against master#af3c6e733a40e671550e0f0f5aeecaa13772ba56 for pr-74989
[INFO] running `Command { std: "git" "clone" "/workspace/cache/git-repos/https%3A%2F%2Fgithub.com%2Fxiph%2Fxiphbot-ng" "/workspace/builds/worker-9/source", kill_on_drop: false }`
[INFO] [stderr] Cloning into '/workspace/builds/worker-9/source'...
[INFO] [stderr] done.
[INFO] validating manifest of git repo https://github.com/xiph/xiphbot-ng on toolchain af3c6e733a40e671550e0f0f5aeecaa13772ba56
[INFO] running `Command { std: "/workspace/cargo-home/bin/cargo" "+af3c6e733a40e671550e0f0f5aeecaa13772ba56" "read-manifest" "--manifest-path" "Cargo.toml", kill_on_drop: false }`
[INFO] started tweaking git repo https://github.com/xiph/xiphbot-ng
[INFO] finished tweaking git repo https://github.com/xiph/xiphbot-ng
[INFO] tweaked toml for git repo https://github.com/xiph/xiphbot-ng written to /workspace/builds/worker-9/source/Cargo.toml
[INFO] crate git repo https://github.com/xiph/xiphbot-ng already has a lockfile, it will not be regenerated
[INFO] running `Command { std: "/workspace/cargo-home/bin/cargo" "+af3c6e733a40e671550e0f0f5aeecaa13772ba56" "fetch" "--locked" "--manifest-path" "Cargo.toml", kill_on_drop: false }`
[INFO] [stderr]     Blocking waiting for file lock on package cache
[INFO] [stderr] error: the lock file /workspace/builds/worker-9/source/Cargo.lock needs to be updated but --locked was passed to prevent this
[INFO] [stderr] If you want to try to generate the lock file without accessing the network, use the --offline flag.
[INFO] the lockfile is outdated, regenerating it
[INFO] running `Command { std: "/workspace/cargo-home/bin/cargo" "+af3c6e733a40e671550e0f0f5aeecaa13772ba56" "generate-lockfile" "--manifest-path" "Cargo.toml" "-Zno-index-update", kill_on_drop: false }`
[INFO] running `Command { std: "/workspace/cargo-home/bin/cargo" "+af3c6e733a40e671550e0f0f5aeecaa13772ba56" "fetch" "--locked" "--manifest-path" "Cargo.toml", kill_on_drop: false }`
[INFO] running `Command { std: "docker" "create" "-v" "/var/lib/crater-agent-workspace/builds/worker-9/target:/opt/rustwide/target:rw,Z" "-v" "/var/lib/crater-agent-workspace/builds/worker-9/source:/opt/rustwide/workdir:ro,Z" "-v" "/var/lib/crater-agent-workspace/cargo-home:/opt/rustwide/cargo-home:ro,Z" "-v" "/var/lib/crater-agent-workspace/rustup-home:/opt/rustwide/rustup-home:ro,Z" "-e" "SOURCE_DIR=/opt/rustwide/workdir" "-e" "CARGO_TARGET_DIR=/opt/rustwide/target" "-e" "CARGO_HOME=/opt/rustwide/cargo-home" "-e" "RUSTUP_HOME=/opt/rustwide/rustup-home" "-w" "/opt/rustwide/workdir" "-m" "1610612736" "--user" "0:0" "--network" "none" "rustops/crates-build-env@sha256:d92eaeed33fa75130ca1ee6c8a01d1ffb62bac859dfdfb3450e3e5d1c0146529" "/opt/rustwide/cargo-home/bin/cargo" "+af3c6e733a40e671550e0f0f5aeecaa13772ba56" "metadata" "--no-deps" "--format-version=1", kill_on_drop: false }`
[INFO] [stderr] WARNING: Your kernel does not support swap limit capabilities or the cgroup is not mounted. Memory limited without swap.
[INFO] [stdout] 07b04041149679610a8307b86d673fa42a4202181d5fbb129f8376bbd43cea1c
[INFO] running `Command { std: "docker" "start" "-a" "07b04041149679610a8307b86d673fa42a4202181d5fbb129f8376bbd43cea1c", kill_on_drop: false }`
[INFO] running `Command { std: "docker" "inspect" "07b04041149679610a8307b86d673fa42a4202181d5fbb129f8376bbd43cea1c", kill_on_drop: false }`
[INFO] running `Command { std: "docker" "rm" "-f" "07b04041149679610a8307b86d673fa42a4202181d5fbb129f8376bbd43cea1c", kill_on_drop: false }`
[INFO] [stdout] 07b04041149679610a8307b86d673fa42a4202181d5fbb129f8376bbd43cea1c
[INFO] running `Command { std: "docker" "create" "-v" "/var/lib/crater-agent-workspace/builds/worker-9/target:/opt/rustwide/target:rw,Z" "-v" "/var/lib/crater-agent-workspace/builds/worker-9/source:/opt/rustwide/workdir:ro,Z" "-v" "/var/lib/crater-agent-workspace/cargo-home:/opt/rustwide/cargo-home:ro,Z" "-v" "/var/lib/crater-agent-workspace/rustup-home:/opt/rustwide/rustup-home:ro,Z" "-e" "SOURCE_DIR=/opt/rustwide/workdir" "-e" "CARGO_TARGET_DIR=/opt/rustwide/target" "-e" "CARGO_INCREMENTAL=0" "-e" "RUST_BACKTRACE=full" "-e" "RUSTFLAGS=--cap-lints=forbid" "-e" "CARGO_HOME=/opt/rustwide/cargo-home" "-e" "RUSTUP_HOME=/opt/rustwide/rustup-home" "-w" "/opt/rustwide/workdir" "-m" "1610612736" "--user" "0:0" "--network" "none" "rustops/crates-build-env@sha256:d92eaeed33fa75130ca1ee6c8a01d1ffb62bac859dfdfb3450e3e5d1c0146529" "/opt/rustwide/cargo-home/bin/cargo" "+af3c6e733a40e671550e0f0f5aeecaa13772ba56" "check" "--frozen" "--all" "--all-targets" "--message-format=json", kill_on_drop: false }`
[INFO] [stdout] 930be5a3e634f8cbec19590887dac7fc6bb5723416cb3440da31e51992389750
[INFO] [stderr] WARNING: Your kernel does not support swap limit capabilities or the cgroup is not mounted. Memory limited without swap.
[INFO] running `Command { std: "docker" "start" "-a" "930be5a3e634f8cbec19590887dac7fc6bb5723416cb3440da31e51992389750", kill_on_drop: false }`
[INFO] [stderr]     Checking futures-core v0.3.5
[INFO] [stderr]     Checking futures-sink v0.3.5
[INFO] [stderr]     Checking scopeguard v1.1.0
[INFO] [stderr]     Checking once_cell v1.4.1
[INFO] [stderr]     Checking pin-utils v0.1.0
[INFO] [stderr]     Checking bufstream v0.1.4
[INFO] [stderr]    Compiling num-traits v0.2.12
[INFO] [stderr]     Checking net2 v0.2.35
[INFO] [stderr]     Checking parking_lot_core v0.8.0
[INFO] [stderr]     Checking log v0.4.11
[INFO] [stderr]    Compiling thiserror-impl v1.0.20
[INFO] [stderr]    Compiling futures-macro v0.3.5
[INFO] [stderr]     Checking openssl v0.10.30
[INFO] [stderr]     Checking toml v0.5.6
[INFO] [stderr]     Checking lock_api v0.4.1
[INFO] [stderr]     Checking futures-channel v0.3.5
[INFO] [stderr]     Checking futures-task v0.3.5
[INFO] [stderr]     Checking parking_lot v0.11.0
[INFO] [stderr]     Checking mio v0.6.22
[INFO] [stderr]     Checking mio-uds v0.6.8
[INFO] [stderr]     Checking tokio v0.2.22
[INFO] [stderr]     Checking num-integer v0.1.43
[INFO] [stderr]     Checking chrono v0.4.15
[INFO] [stderr]     Checking futures-util v0.3.5
[INFO] [stderr]     Checking thiserror v1.0.20
[INFO] [stderr]     Checking native-tls v0.2.4
[INFO] [stderr]     Checking tokio-util v0.3.1
[INFO] [stderr]     Checking tokio-tls v0.3.1
[INFO] [stderr]     Checking irc-proto v0.14.0
[INFO] [stderr]     Checking irc v0.14.1
[INFO] [stderr]     Checking xiphbot-ng v0.0.1 (/opt/rustwide/workdir)
[INFO] [stdout] error[E0433]: failed to resolve: use of undeclared type or module `IrcServer`
[INFO] [stdout]  --> src/main.rs:9:27
[INFO] [stdout]   |
[INFO] [stdout] 9 |     let server = Arc::new(IrcServer::new("config.json").unwrap());
[INFO] [stdout]   |                           ^^^^^^^^^ use of undeclared type or module `IrcServer`
[INFO] [stdout] 
[INFO] [stdout] 
[INFO] [stdout] error[E0433]: failed to resolve: use of undeclared type or module `IrcServer`
[INFO] [stdout]  --> src/main.rs:9:27
[INFO] [stdout]   |
[INFO] [stdout] 9 |     let server = Arc::new(IrcServer::new("config.json").unwrap());
[INFO] [stdout]   |                           ^^^^^^^^^ use of undeclared type or module `IrcServer`
[INFO] [stdout] 
[INFO] [stdout] 
[INFO] [stdout] error[E0599]: no method named `identify` found for struct `Arc<_>` in the current scope
[INFO] [stdout]   --> src/main.rs:10:12
[INFO] [stdout]    |
[INFO] [stdout] 10 |     server.identify().unwrap();
[INFO] [stdout]    |            ^^^^^^^^ method not found in `Arc<_>`
[INFO] [stdout]    |
[INFO] [stdout]    = note: `server` is a function, perhaps you wish to call it
[INFO] [stdout] 
[INFO] [stdout] 
[INFO] [stdout] error[E0599]: no method named `clone` found for struct `Arc<_>` in the current scope
[INFO] [stdout]   --> src/main.rs:11:36
[INFO] [stdout]    |
[INFO] [stdout] 11 |     let server_udp_thread = server.clone();
[INFO] [stdout]    |                                    ^^^^^ method not found in `Arc<_>`
[INFO] [stdout]    |
[INFO] [stdout]    = note: `server` is a function, perhaps you wish to call it
[INFO] [stdout] 
[INFO] [stdout] 
[INFO] [stdout] error[E0599]: no method named `iter` found for struct `Arc<_>` in the current scope
[INFO] [stdout]   --> src/main.rs:22:21
[INFO] [stdout]    |
[INFO] [stdout] 22 |     for _ in server.iter() {
[INFO] [stdout]    |                     ^^^^ method not found in `Arc<_>`
[INFO] [stdout]    |
[INFO] [stdout]    = note: `server` is a function, perhaps you wish to call it
[INFO] [stdout] 
[INFO] [stdout] 
[INFO] [stdout] error: aborting due to 4 previous errors
[INFO] [stdout] 
[INFO] [stdout] 
[INFO] [stdout] Some errors have detailed explanations: E0433, E0599.
[INFO] [stdout] 
[INFO] [stdout] For more information about an error, try `rustc --explain E0433`.
[INFO] [stdout] 
[INFO] [stdout] error[E0599]: no method named `identify` found for struct `Arc<_>` in the current scope
[INFO] [stdout]   --> src/main.rs:10:12
[INFO] [stdout]    |
[INFO] [stdout] 10 |     server.identify().unwrap();
[INFO] [stdout]    |            ^^^^^^^^ method not found in `Arc<_>`
[INFO] [stdout]    |
[INFO] [stdout]    = note: `server` is a function, perhaps you wish to call it
[INFO] [stdout] 
[INFO] [stdout] 
[INFO] [stdout] error[E0599]: no method named `clone` found for struct `Arc<_>` in the current scope
[INFO] [stdout]   --> src/main.rs:11:36
[INFO] [stdout]    |
[INFO] [stdout] 11 |     let server_udp_thread = server.clone();
[INFO] [stdout]    |                                    ^^^^^ method not found in `Arc<_>`
[INFO] [stdout]    |
[INFO] [stdout]    = note: `server` is a function, perhaps you wish to call it
[INFO] [stdout] 
[INFO] [stdout] 
[INFO] [stdout] error[E0599]: no method named `iter` found for struct `Arc<_>` in the current scope
[INFO] [stdout]   --> src/main.rs:22:21
[INFO] [stdout]    |
[INFO] [stdout] 22 |     for _ in server.iter() {
[INFO] [stdout]    |                     ^^^^ method not found in `Arc<_>`
[INFO] [stdout]    |
[INFO] [stdout]    = note: `server` is a function, perhaps you wish to call it
[INFO] [stdout] 
[INFO] [stdout] 
[INFO] [stderr] error: could not compile `xiphbot-ng`.
[INFO] [stderr] 
[INFO] [stderr] To learn more, run the command again with --verbose.
[INFO] [stderr] warning: build failed, waiting for other jobs to finish...
[INFO] [stdout] error: aborting due to 4 previous errors
[INFO] [stdout] 
[INFO] [stdout] 
[INFO] [stdout] Some errors have detailed explanations: E0433, E0599.
[INFO] [stdout] 
[INFO] [stdout] For more information about an error, try `rustc --explain E0433`.
[INFO] [stdout] 
[INFO] [stderr] error: build failed
[INFO] running `Command { std: "docker" "inspect" "930be5a3e634f8cbec19590887dac7fc6bb5723416cb3440da31e51992389750", kill_on_drop: false }`
[INFO] running `Command { std: "docker" "rm" "-f" "930be5a3e634f8cbec19590887dac7fc6bb5723416cb3440da31e51992389750", kill_on_drop: false }`
[INFO] [stdout] 930be5a3e634f8cbec19590887dac7fc6bb5723416cb3440da31e51992389750
